 -112 + 155. What are the prime factors of b?
43
Let x(y) = -y**3 - 3*y**2 + 3*y + 441. What are the prime factors of x(0)?
3, 7
Let t = 69 - 77. What are the prime factors of t - -12 - -107*1?
3, 37
Let p(v) = v + 6. Let z be p(-2). Suppose 20 + 28 = z*a. Let w(l) = 2*l - 16. What are the prime factors of w(a)?
2
Let v(y) = -y**3 - 8*y**2 - 3*y - 11. Let s be v(-8). Suppose 4*d + 9 = 5*d + 3*h, 0 = 3*d + 2*h - s. What are the prime factors of 37 - -3*2/d?
3, 13
Let t(d) = d - 23. Let w be t(17). Let o(g) = 2*g**2 - 16*g - 14. List the prime factors of o(w).
2, 7, 11
Suppose 7 = -6*a + 13*a. List the prime factors of -5*((-19)/a - 4).
5, 23
Let r = 6868 - 4780. List the prime factors of r.
2, 3, 29
Let i = 526 - 346. Suppose 3*z - 2*z = i. Suppose 2*o + 3*m + 143 = 6*o, -5*o + 4*m = -z. List the prime factors of o.
2
Suppose -2*v + 13 = -1. Suppose v*z - 47 = 464. List the prime factors of z.
73
Suppose y - 11 = -4. Suppose 25 = -2*h + 6*o - o, -20 = 3*h - 4*o. Let x = y - h. What are the prime factors of x?
7
Suppose -4*r + w + 148 = 0, -r - 4*r + 5*w + 170 = 0. Suppose -r - 54 = -2*h. What are the prime factors of h?
2, 23
Let m(k) = 3*k**2 - 1. Let i be m(1). Suppose -i*x = 2*l + 19 + 15, 0 = 2*l. Let w = x - -28. List the prime factors of w.
11
Suppose -2*l + 131 + 69 = 0. Let k = 167 - l. List the prime factors of k.
67
What are the prime factors of 11/(-2)*125/25*-74?
5, 11, 37
Suppose -2*b - 136 = -6*b. Let l(w) = 2*w**2 - 2*w - 4. Let m be l(-3). Let z = b - m. List the prime factors of z.
2, 7
Let a(i) = -i**3 + i + 4. Suppose -2*u - 2*o = 16, -u - 2*o - 7 = 4. Let w be a(u). Suppose 4*t = -0*t + w. What are the prime factors of t?
31
Suppose 28 = -2*t + 4*c, 5*c - 53 + 10 = 3*t. List the prime factors of 8/t*(-56 + -1 + 1).
2, 7
Let q = -84 - -89. Suppose 0*x = -q*i - 3*x + 847, 676 = 4*i + 4*x. What are the prime factors of i?
2, 5, 17
List the prime factors of 10 + 162/(-9) + 2283.
5, 7, 13
Suppose -4*w + 129 = l, -2*l + 7*l = -4*w + 693. Let n = -89 + l. List the prime factors of (-6)/4*n/(-3).
2, 13
Let g(p) = 6*p + 44. Let a(u) = 2*u + 15. Let x(d) = 8*a(d) - 3*g(d). Let z be x(-7). Suppose z*q + c = 2, -q - 3*c - 3 - 1 = 0. List the prime factors of q.
2
Let u = -7 - -12. Suppose u*j = i - 30, 5*i + 4*j + 10 = 3*i. Suppose 0 = -i*o + 85 + 10. List the prime factors of o.
19
Let r = -572 + 593. What are the prime factors of r?
3, 7
Let f(n) = n**2 + n + 1. Let c(u) = -152*u**2 + 3*u + 5. Let k(b) = -c(b) + 3*f(b). List the prime factors of k(1).
3, 17
Let t = -253 + 500. Suppose -o + 2*p = 2*o - 135, 5*o + 4*p - t = 0. Let v = o - 20. List the prime factors of v.
3
Suppose 2*r + 75 = 5*a, r - 60 = 3*a - 8*a. Suppose -440 = -a*f + 5*f. What are the prime factors of f?
5, 11
Let v(o) = -o**3 - 7*o**2 - 5*o - 3. Let r be v(-6). Suppose 0 = 6*b - 22 - 2. Let q = b - r. What are the prime factors of q?
13
Let h(f) be the third derivative of -f**6/40 - f**5/60 - 6*f**2. What are the prime factors of h(-2)?
2, 5
Let h = 6125 - 913. List the prime factors of h.
2, 1303
Suppose b - 7 = 3*g, 5*b - 4*g - 6 - 29 = 0. Suppose b*r - 60 = 2*r. Let d = r - -9. What are the prime factors of d?
3, 7
Let g be (-1068)/21 + -2*4/56. Let c = g - -116. List the prime factors of c.
5, 13
Let a(t) = -4*t + 207. Let s be a(0). Suppose 8*n - 11*n = -s. List the prime factors of n.
3, 23
Let m = 4268 - 663. List the prime factors of m.
5, 7, 103
Suppose -23*p = 9*p - 10944. List the prime factors of p.
2, 3, 19
Let h = 969 - 523. What are the prime factors of h?
2, 223
Let b = -46 + 80. Let o = -3 - -5. Suppose 4*x - 2*k - 16 = 52, -o*k - b = -2*x. List the prime factors of x.
17
Let w(j) = 56*j - 656. What are the prime factors of w(34)?
2, 3, 13
Let f(b) = b**2 + 10*b - 14. Let d be f(6). Let k = -27 + d. What are the prime factors of k?
5, 11
Let b = -19 - -23. Let z be -3 + 2 - -19 - b. List the prime factors of (-26)/(-3) + z/(-21).
2
Suppose 7145 = 3*f - h - 3*h, 5*f - 4*h - 11911 = 0. What are the prime factors of f?
2383
Let a = 19 + -17. Suppose a*i + 3*i + 3*v = -12, -4*i = -3*v - 12. Suppose 5*m + k - 34 - 168 = i, -5*k - 97 = -2*m. What are the prime factors of m?
41
Suppose -36*o - 5*r - 994 = -39*o, -r = -4*o + 1348. List the prime factors of o.
2, 13
Suppose 0 = 4*a + o - 4927, -4*a + 7*a + 4*o = 3679. What are the prime factors of a?
3, 137
List the prime factors of 5748/36 + 1 - 4/(-3).
2, 3
Let v = -27 - -47. Let m(a) = 3*a - 5*a**2 - a**3 - 14 + v*a**2 - 2*a**2 - a. What are the prime factors of m(13)?
2, 3
Suppose 11 = -6*a - 1. What are the prime factors of 1*-2*51/a?
3, 17
Let j be -2 + (2 + -2)*1/(-2). List the prime factors of (-12)/(-3) + j + 59.
61
Suppose -3*d - 2886 = -3*g, 0 = 3*g + 2*g + 5*d - 4860. List the prime factors of g.
967
Let q = 2787 - 1758. List the prime factors of q.
3, 7
Let c be (86 - 15) + 0/(-2 + 3). Suppose 0 = -5*v - 0*v + 10. Suppose 2*o - 5 = -4*a + c, -v*a - 154 = -5*o. List the prime factors of o.
2
Let j be (-5)/(10/(-408)) - -2. Suppose -5*s = -j - 89. Suppose -3*c = c + 20, 2*u + 5*c = s. What are the prime factors of u?
2, 3, 7
Let p(m) = 8*m**3 - 27*m**2 - 6*m + 10. What are the prime factors of p(6)?
2, 5, 73
Let g = -107 - -282. List the prime factors of g.
5, 7
Suppose 5*d = 6*l - 3*l + 462, -5*d + 470 = 5*l. What are the prime factors of d?
3, 31
Let i = -14 - -4. Suppose -11*t = -3 - 41. List the prime factors of (-226)/(-10) - t/i.
23
Suppose 0 = -3*r + 5*d + 1200, -6*d + 3*d = 5*r - 2000. Suppose 4*q - q - 3*g = 384, -3*q + r = 5*g. List the prime factors of q.
2, 5, 13
Suppose 8*d + 12 = 7*d. Let b = -10 - d. Suppose b*a = -4 + 46. What are the prime factors of a?
3, 7
Suppose 0 = -m + 4*t - 16, 0 = -3*m - 4*t + 22 - 6. What are the prime factors of -3*(0 - (-201)/(-9) - m)?
67
Let h = 22 - 17. Suppose -h*a + m + 8 = -262, -a + 3*m + 54 = 0. What are the prime factors of a?
2, 3
Let a be ((-105)/(-9))/5*87. Suppose -5*d - 20 = 0, -a - 431 = 2*k + d. List the prime factors of (k/28)/(2/(-8)).
3, 5
Let z be 24/32 + 230/(-8). Let q be z/(-12) - 1/3. Suppose 5*j + 2*o = -q*o + 192, -2*j + 81 = 3*o. List the prime factors of j.
2, 3
Let o(x) = -3*x - 11. Let d be o(-6). Suppose -4*k - t = -d*k - 61, -k = -4*t + 2. Let m = 31 + k. What are the prime factors of m?
3
Suppose -168 - 7 = -a. Let u = a + -115. What are the prime factors of u?
2, 3, 5
Let b(g) be the third derivative of g**5/15 - 31*g**4/24 - 7*g**3/6 - 4*g**2. List the prime factors of b(11).
2, 17
Suppose 0 = 8*v + 15*v - 2300. List the prime factors of v.
2, 5
Suppose 0 = -5*a - 4*n + 21 - 1, 0 = a - 3*n - 4. Let i(v) = 6*v - v + 1 - 2*v - 5 + a*v**2. List the prime factors of i(-3).
23
Let b(a) = -a**2 + 6*a + 3. Let s be b(6). Suppose y + s = 2*y. What are the prime factors of (2/(-2))/(y/(-132))?
2, 11
Let y = 733 - 113. List the prime factors of y.
2, 5, 31
Let b = -16 + 44. Let c = b - -37. List the prime factors of c.
5, 13
Let m = 13 - 8. Suppose -7*i - 460 = -11*i. Suppose -m*x + i = -0. What are the prime factors of x?
23
Let c(z) = z**3 + 14*z**2 - 4*z - 3. Let a be c(-12). Suppose p + 3*p = -5*m + a, 0 = -5*p - 15. List the prime factors of m.
3, 23
Let h = -5 + 10. Suppose h*q = 5*i + 60, i + 5 = 2*q - 23. Suppose 4*y = -4*b + 60, b + 0*y - q = -2*y. What are the prime factors of b?
2, 7
Let i = -39 - -161. Suppose 0 = 2*p + 5*r - i, -5*p + 2*r = -p - 244. What are the prime factors of p?
61
Let m(k) = k**2 - k. Let g(j) = -4*j**2 - 2*j + 3. Let f(z) = g(z) + 6*m(z). Let i be f(-6). Suppose 18*n + i = 21*n. List the prime factors of n.
41
Let r(m) = -m**3 + 5*m**2 - m + 2. Let a(n) = n**2 + n. Let x(b) = -a(b) - r(b). What are the prime factors of x(7)?
47
Suppose -4*n - 9 + 30 = -3*u, 3*u + 39 = -2*n. Let x(g) be the second derivative of -g**3/2 - g**2/2 + g. List the prime factors of x(u).
2
Suppose -j + 48 = 3*j. Let x(q) = 6*q + 1. List the prime factors of x(j).
73
Let z(f) = -f**3 + 4*f**2 + 5. Let a(v) = -v**3 + 5*v**2 + 6. Let p(t) = 4*a(t) - 3*z(t). Let j be p(8). What are the prime factors of ((-4)/12)/((-1)/j)?
3
Let v(x) = -x**2 - 8*x - 6. Let c be v(-6). Suppose -c = -3*k + 3. List the prime factors of k*(-8)/(-12) - -2.
2
Let y be (6/(-5))/((-12)/30). Suppose y*g - 1804 = -g. Suppose 141 = -5*b + g. Li